{"id":37,"date":"2017-03-13T23:37:33","date_gmt":"2017-03-13T22:37:33","guid":{"rendered":"http:\/\/dieteticien-bordeaux.fr\/?page_id=37"},"modified":"2017-03-13T23:37:33","modified_gmt":"2017-03-13T22:37:33","slug":"mere-qui-soublie","status":"publish","type":"page","link":"https:\/\/dieteticien-bordeaux.fr\/?page_id=37","title":{"rendered":"\u00ab M\u00e8re qui s\u2019oublie \u00bb"},"content":{"rendered":"<p style=\"text-align: justify;\">Mme G. 40 ans, m\u00e8re de 2 enfants vient pour perdre du poids. Elle a pris 17 kg depuis son\u00a0premier enfant et a perdu confiance en elle.<br \/>\nElle a fait plusieurs r\u00e9gimes restrictifs et hypocaloriques mais n\u2019a jamais r\u00e9ussi \u00e0 tenir sur\u00a0le long terme.<br \/>\nElle cuisine pour ses enfants mais ne mange pas au moment des repas et grignote\u00a0l\u2019apr\u00e8s-midi lorsqu\u2019elle se retrouve seule \u00e0 la maison. Elle a des maux de ventre et est\u00a0ballonn\u00e9e.<br \/>\nElle consacre tout son temps \u00e0 sa famille et ne s\u2019occupe plus du tout d\u2019elle.<\/p>\n<p style=\"text-align: justify;\">Tout au long de l\u2019accompagnement nous avons d\u00e9termin\u00e9 des objectifs :<br \/>\n&#8211; En lien direct avec l\u2019alimentation : mise en place de sa r\u00e9partition alimentaire que\u00a0nous avons \u00e9tablie et valid\u00e9e ensemble.<br \/>\n&#8211; En lien avec son <span style=\"text-decoration: underline;\">comportement<\/span> alimentaire : s\u2019autoriser \u00e0 prendre du temps pour\u00a0soi, emmener les enfants \u00e0 pieds \u00e0 l\u2019\u00e9cole plut\u00f4t qu\u2019en tram et trouver une activit\u00e9\u00a0qui lui procure du plaisir (Mme G. avait choisi la peinture).<\/p>\n<p style=\"text-align: justify;\">Lors du bilan nutritionnel en janvier 2015, Mme G. pesait 81.7 kg. Elle m\u2019a demand\u00e9e des\u00a0s\u00e9ances rapproch\u00e9es afin de la motiver (forfait coaching di\u00e9t\u00e9tique).<br \/>\nMme G. a repris confiance en elle et garde toutes ses bonnes habitudes alimentaires et de\u00a0vie. Elle a termin\u00e9 son suivi en mars 2016 \u00e0 63.6 kg.<\/p>\n<p style=\"text-align: justify;\">\n<p style=\"text-align: justify;\"><img loading=\"lazy\" decoding=\"async\" class=\"size-large wp-image-21 aligncenter\" src=\"http:\/\/dieteticien-bordeaux.fr\/wp-content\/uploads\/2017\/03\/mere_oublie-1024x292.jpg\" alt=\"\" width=\"720\" height=\"205\" srcset=\"https:\/\/dieteticien-bordeaux.fr\/wp-content\/uploads\/2017\/03\/mere_oublie-1024x292.jpg 1024w, https:\/\/dieteticien-bordeaux.fr\/wp-content\/uploads\/2017\/03\/mere_oublie-300x86.jpg 300w, https:\/\/dieteticien-bordeaux.fr\/wp-content\/uploads\/2017\/03\/mere_oublie-768x219.jpg 768w, https:\/\/dieteticien-bordeaux.fr\/wp-content\/uploads\/2017\/03\/mere_oublie.jpg 1251w\" sizes=\"(max-width: 720px) 100vw, 720px\" \/><\/p>\n","protected":false},"excerpt":{"rendered":"<p>Mme G. 40 ans, m\u00e8re de 2 enfants vient pour perdre du poids. Elle a pris 17 kg depuis son\u00a0premier enfant et a perdu confiance en elle. Elle a fait plusieurs r\u00e9gimes restrictifs et hypocaloriques mais n\u2019a jamais r\u00e9ussi \u00e0<\/p>\n","protected":false},"author":1,"featured_media":0,"parent":0,"menu_order":0,"comment_status":"closed","ping_status":"closed","template":"","meta":{"footnotes":""},"_links":{"self":[{"href":"https:\/\/dieteticien-bordeaux.fr\/index.php?rest_route=\/wp\/v2\/pages\/37"}],"collection":[{"href":"https:\/\/dieteticien-bordeaux.fr\/index.php?rest_route=\/wp\/v2\/pages"}],"about":[{"href":"https:\/\/dieteticien-bordeaux.fr\/index.php?rest_route=\/wp\/v2\/types\/page"}],"author":[{"embeddable":true,"href":"https:\/\/dieteticien-bordeaux.fr\/index.php?rest_route=\/wp\/v2\/users\/1"}],"replies":[{"embeddable":true,"href":"https:\/\/dieteticien-bordeaux.fr\/index.php?rest_route=%2Fwp%2Fv2%2Fcomments&post=37"}],"version-history":[{"count":1,"href":"https:\/\/dieteticien-bordeaux.fr\/index.php?rest_route=\/wp\/v2\/pages\/37\/revisions"}],"predecessor-version":[{"id":38,"href":"https:\/\/dieteticien-bordeaux.fr\/index.php?rest_route=\/wp\/v2\/pages\/37\/revisions\/38"}],"wp:attachment":[{"href":"https:\/\/dieteticien-bordeaux.fr\/index.php?rest_route=%2Fwp%2Fv2%2Fmedia&parent=37"}],"curies":[{"name":"wp","href":"https:\/\/api.w.org\/{rel}","templated":true}]}}

« Mère qui s’oublie »

<p style="text-align: justify;">Mme G. 40 ans, mère de 2 enfants vient pour perdre du poids. Elle a pris 17 kg depuis son premier enfant et a perdu confiance en elle.<br />
Elle a fait plusieurs régimes restrictifs et hypocaloriques mais n’a jamais réussi à tenir sur le long terme.<br />
Elle cuisine pour ses enfants mais ne mange pas au moment des repas et grignote l’après-midi lorsqu’elle se retrouve seule à la maison. Elle a des maux de ventre et est ballonnée.<br />
Elle consacre tout son temps à sa famille et ne s’occupe plus du tout d’elle.</p>
<p style="text-align: justify;">Tout au long de l’accompagnement nous avons déterminé des objectifs :<br />
&#8211; En lien direct avec l’alimentation : mise en place de sa répartition alimentaire que nous avons établie et validée ensemble.<br />
&#8211; En lien avec son <span style="text-decoration: underline;">comportement</span> alimentaire : s’autoriser à prendre du temps pour soi, emmener les enfants à pieds à l’école plutôt qu’en tram et trouver une activité qui lui procure du plaisir (Mme G. avait choisi la peinture).</p>
<p style="text-align: justify;">Lors du bilan nutritionnel en janvier 2015, Mme G. pesait 81.7 kg. Elle m’a demandée des séances rapprochées afin de la motiver (forfait coaching diététique).<br />
Mme G. a repris confiance en elle et garde toutes ses bonnes habitudes alimentaires et de vie. Elle a terminé son suivi en mars 2016 à 63.6 kg.</p>
<p style="text-align: justify;">
<p style="text-align: justify;"><img loading="lazy" decoding="async" class="size-large wp-image-21 aligncenter" src="http://dieteticien-bordeaux.fr/wp-content/uploads/2017/03/mere_oublie-1024x292.jpg" alt="" width="720" height="205" srcset="https://dieteticien-bordeaux.fr/wp-content/uploads/2017/03/mere_oublie-1024x292.jpg 1024w, https://dieteticien-bordeaux.fr/wp-content/uploads/2017/03/mere_oublie-300x86.jpg 300w, https://dieteticien-bordeaux.fr/wp-content/uploads/2017/03/mere_oublie-768x219.jpg 768w, https://dieteticien-bordeaux.fr/wp-content/uploads/2017/03/mere_oublie.jpg 1251w" sizes="(max-width: 720px) 100vw, 720px" /></p>

<p>Mme G. 40 ans, mère de 2 enfants vient pour perdre du poids. Elle a pris 17 kg depuis son premier enfant et a perdu confiance en elle. Elle a fait plusieurs régimes restrictifs et hypocaloriques mais n’a jamais réussi à</p>
