{"id":43,"date":"2017-03-13T23:40:22","date_gmt":"2017-03-13T22:40:22","guid":{"rendered":"http:\/\/dieteticien-bordeaux.fr\/?page_id=43"},"modified":"2025-06-02T15:13:23","modified_gmt":"2025-06-02T13:13:23","slug":"bilan-nutritionnel","status":"publish","type":"page","link":"https:\/\/dieteticien-bordeaux.fr\/?page_id=43","title":{"rendered":"Bilan Nutritionnel"},"content":{"rendered":"<p style=\"text-align: justify;\">Bilan nutritionnel : 1h, 65 euros<br \/>\nDurant ce bilan nutritionnel complet<strong> je vais apprendre \u00e0 vous conna\u00eetre<\/strong> sur le plan\u00a0m\u00e9dical (ant\u00e9c\u00e9dents personnels et familiaux) et sur le plan personnel, ce que vous\u00a0aimez manger, si vous cuisinez, comment, pour combien de personnes, si vous mangez \u00e0\u00a0l\u2019ext\u00e9rieur ou \u00e0 la cantine.<br \/>\nJe dois tenir compte de votre fa\u00e7on de vivre et votre fa\u00e7on d\u2019\u00eatre pour adapter au mieux\u00a0vos repas \u00e0 vos besoins.<br \/>\n<span style=\"color: #d61152;\">Nous fixerons ensemble des objectifs r\u00e9alisables et \u00e9volutifs tout au long de votre parcours.\u00a0<\/span><br \/>\nUn bilan imp\u00e9dancemetrique est r\u00e9alis\u00e9 (cela permet d\u2019analyser votre composition corporelle : taux de masse grasse, masse musculaire et hydrique). Je prends vos mensurations \u00e0 l\u2019aide d\u2019un m\u00e8tre ruban, afin d\u2019avoir des mesures de d\u00e9part et pouvoir suivre votre \u00e9volution.<br \/>\n<strong>La pes\u00e9e et les prises de mesures peuvent \u00eatre source d\u2019angoisses, je vous demande\u00a0toujours si vous souhaitez ou non r\u00e9aliser ces mesures, elles sont facultatives.<\/strong><br \/>\nVous recevrez par mail votre bilan ainsi que votre plan alimentaire sur mesure ainsi que des\u00a0documents qui faciliteront la mise en place de ce nouveau programme.<\/p>\n<p style=\"text-align: justify;\">Voici le document qui vous permet de suivre votre \u00e9volution, 1\u00e8re consultation \u00e0 gauche et derni\u00e8re \u00e0 droite.<\/p>\n<p style=\"text-align: justify;\"><a href=\"http:\/\/dieteticien-bordeaux.fr\/wp-content\/uploads\/2017\/03\/Bilan_diet_ottonelli.jpg\"><img loading=\"lazy\" decoding=\"async\" class=\"alignnone wp-image-14\" src=\"http:\/\/dieteticien-bordeaux.fr\/wp-content\/uploads\/2017\/03\/Bilan_diet_ottonelli-727x1024.jpg\" alt=\"\" width=\"327\" height=\"461\" srcset=\"https:\/\/dieteticien-bordeaux.fr\/wp-content\/uploads\/2017\/03\/Bilan_diet_ottonelli-727x1024.jpg 727w, https:\/\/dieteticien-bordeaux.fr\/wp-content\/uploads\/2017\/03\/Bilan_diet_ottonelli-213x300.jpg 213w, https:\/\/dieteticien-bordeaux.fr\/wp-content\/uploads\/2017\/03\/Bilan_diet_ottonelli-768x1082.jpg 768w, https:\/\/dieteticien-bordeaux.fr\/wp-content\/uploads\/2017\/03\/Bilan_diet_ottonelli.jpg 1640w\" sizes=\"(max-width: 327px) 100vw, 327px\" \/><\/a><a href=\"http:\/\/dieteticien-bordeaux.fr\/wp-content\/uploads\/2017\/03\/Bilan1_diet_ottonelli.jpg\"><img loading=\"lazy\" decoding=\"async\" class=\"alignnone wp-image-15\" src=\"http:\/\/dieteticien-bordeaux.fr\/wp-content\/uploads\/2017\/03\/Bilan1_diet_ottonelli-727x1024.jpg\" alt=\"\" width=\"327\" height=\"461\" srcset=\"https:\/\/dieteticien-bordeaux.fr\/wp-content\/uploads\/2017\/03\/Bilan1_diet_ottonelli-727x1024.jpg 727w, https:\/\/dieteticien-bordeaux.fr\/wp-content\/uploads\/2017\/03\/Bilan1_diet_ottonelli-213x300.jpg 213w, https:\/\/dieteticien-bordeaux.fr\/wp-content\/uploads\/2017\/03\/Bilan1_diet_ottonelli-768x1082.jpg 768w, https:\/\/dieteticien-bordeaux.fr\/wp-content\/uploads\/2017\/03\/Bilan1_diet_ottonelli.jpg 1640w\" sizes=\"(max-width: 327px) 100vw, 327px\" \/><\/a><\/p>\n<p style=\"text-align: center;\"><span style=\"text-decoration: underline;\"><span style=\"color: #3aaa35;\"><em>Tout rendez-vous non annul\u00e9 48h \u00e0 l&rsquo;avance est factur\u00e9.<br \/>\n<\/em><\/span><\/span><\/p>\n","protected":false},"excerpt":{"rendered":"<p>Bilan nutritionnel : 1h, 65 euros Durant ce bilan nutritionnel complet je vais apprendre \u00e0 vous conna\u00eetre sur le plan\u00a0m\u00e9dical (ant\u00e9c\u00e9dents personnels et familiaux) et sur le plan personnel, ce que vous\u00a0aimez manger, si vous cuisinez, comment, pour combien de<\/p>\n","protected":false},"author":1,"featured_media":0,"parent":0,"menu_order":0,"comment_status":"closed","ping_status":"closed","template":"","meta":{"footnotes":""},"_links":{"self":[{"href":"https:\/\/dieteticien-bordeaux.fr\/index.php?rest_route=\/wp\/v2\/pages\/43"}],"collection":[{"href":"https:\/\/dieteticien-bordeaux.fr\/index.php?rest_route=\/wp\/v2\/pages"}],"about":[{"href":"https:\/\/dieteticien-bordeaux.fr\/index.php?rest_route=\/wp\/v2\/types\/page"}],"author":[{"embeddable":true,"href":"https:\/\/dieteticien-bordeaux.fr\/index.php?rest_route=\/wp\/v2\/users\/1"}],"replies":[{"embeddable":true,"href":"https:\/\/dieteticien-bordeaux.fr\/index.php?rest_route=%2Fwp%2Fv2%2Fcomments&post=43"}],"version-history":[{"count":6,"href":"https:\/\/dieteticien-bordeaux.fr\/index.php?rest_route=\/wp\/v2\/pages\/43\/revisions"}],"predecessor-version":[{"id":500,"href":"https:\/\/dieteticien-bordeaux.fr\/index.php?rest_route=\/wp\/v2\/pages\/43\/revisions\/500"}],"wp:attachment":[{"href":"https:\/\/dieteticien-bordeaux.fr\/index.php?rest_route=%2Fwp%2Fv2%2Fmedia&parent=43"}],"curies":[{"name":"wp","href":"https:\/\/api.w.org\/{rel}","templated":true}]}}