{"id":51,"date":"2017-03-13T23:45:00","date_gmt":"2017-03-13T22:45:00","guid":{"rendered":"http:\/\/dieteticien-bordeaux.fr\/?page_id=51"},"modified":"2017-03-15T11:41:49","modified_gmt":"2017-03-15T10:41:49","slug":"consultations-et-tarifs","status":"publish","type":"page","link":"https:\/\/dieteticien-bordeaux.fr\/?page_id=51","title":{"rendered":"Consultations et Tarifs"},"content":{"rendered":"<p><a href=\"http:\/\/dieteticien-bordeaux.fr\/?page_id=43\">Bilan Nutritionnel<\/a><\/p>\n<p><a href=\"http:\/\/dieteticien-bordeaux.fr\/?page_id=67\">Suivi Di\u00e9t\u00e9tique<\/a><\/p>\n<p><a href=\"http:\/\/dieteticien-bordeaux.fr\/?page_id=49\">Coaching Di\u00e9t\u00e9tique<\/a><\/p>\n","protected":false},"excerpt":{"rendered":"<p>Bilan Nutritionnel Suivi Di\u00e9t\u00e9tique Coaching Di\u00e9t\u00e9tique<\/p>\n","protected":false},"author":1,"featured_media":0,"parent":0,"menu_order":0,"comment_status":"closed","ping_status":"closed","template":"","meta":{"footnotes":""},"_links":{"self":[{"href":"https:\/\/dieteticien-bordeaux.fr\/index.php?rest_route=\/wp\/v2\/pages\/51"}],"collection":[{"href":"https:\/\/dieteticien-bordeaux.fr\/index.php?rest_route=\/wp\/v2\/pages"}],"about":[{"href":"https:\/\/dieteticien-bordeaux.fr\/index.php?rest_route=\/wp\/v2\/types\/page"}],"author":[{"embeddable":true,"href":"https:\/\/dieteticien-bordeaux.fr\/index.php?rest_route=\/wp\/v2\/users\/1"}],"replies":[{"embeddable":true,"href":"https:\/\/dieteticien-bordeaux.fr\/index.php?rest_route=%2Fwp%2Fv2%2Fcomments&post=51"}],"version-history":[{"count":3,"href":"https:\/\/dieteticien-bordeaux.fr\/index.php?rest_route=\/wp\/v2\/pages\/51\/revisions"}],"predecessor-version":[{"id":135,"href":"https:\/\/dieteticien-bordeaux.fr\/index.php?rest_route=\/wp\/v2\/pages\/51\/revisions\/135"}],"wp:attachment":[{"href":"https:\/\/dieteticien-bordeaux.fr\/index.php?rest_route=%2Fwp%2Fv2%2Fmedia&parent=51"}],"curies":[{"name":"wp","href":"https:\/\/api.w.org\/{rel}","templated":true}]}}