{"id":57,"date":"2017-03-13T23:48:07","date_gmt":"2017-03-13T22:48:07","guid":{"rendered":"http:\/\/dieteticien-bordeaux.fr\/?page_id=57"},"modified":"2025-10-14T17:17:58","modified_gmt":"2025-10-14T15:17:58","slug":"les-tarifsforfaits","status":"publish","type":"page","link":"https:\/\/dieteticien-bordeaux.fr\/?page_id=57","title":{"rendered":"Les forfaits et tarifs"},"content":{"rendered":"<ul style=\"text-align: justify;\">\n<li style=\"text-align: justify;\">Collant LPG\u00ae : 20\u20ac ou pr\u00eat\u00e9 pendant votre cure<\/li>\n<li>Bilan Endermologique 30min: 35 euros<\/li>\n<li>S\u00e9ance \u00e0 l&rsquo;unit\u00e9 : 50 euros<\/li>\n<li><\/li>\n<li><span style=\"text-decoration: underline;\"><strong>La MINCEUR:<\/strong><\/span><\/li>\n<\/ul>\n<ul style=\"text-align: justify;\">\n<li><span style=\"text-decoration: underline;\"><strong>Le Booster<\/strong><\/span>: 11 s\u00e9ances de Cellu-M6, <strong>\u00e0 raison de 2 par semaine<\/strong>. <strong>335 euros<\/strong>, bilan offert.<\/li>\n<li><b><u>L&rsquo;Optimisation<\/u><\/b>: bilan offert, 6 s\u00e9ances de Cellu-M6,<strong> \u00e0 raison d&rsquo;1 par semaine. 195 euros<\/strong><\/li>\n<li><span style=\"text-decoration: underline;\"><strong>L&rsquo;Entretien<\/strong><\/span>: bilan offert, 1 s\u00e9ance de Cellu-M6, <strong>\u00e0 raison de 1 par mois. 175\u00a0euros<\/strong>.<\/li>\n<li><\/li>\n<li><strong><strong>La SAISON : Automne V2S &#8211; <\/strong><\/strong>VITALITE STRESS SOMMEIL\u00a0 <strong><strong>40min 65\u20ac<\/strong><\/strong><\/li>\n<li>Ce protocole permet de booster votre \u00e9nergie globale, diminue les tensions musculaires, am\u00e9liore l&rsquo;humeur et r\u00e9duit le stress.<br \/>\nLa proc\u00e9dure est indolore, relaxante et semblable \u00e0 un massage profond.<\/li>\n<li>Conclusion Le programme V2S LPG Endermologie est con\u00e7u pour offrir un <strong>bien-\u00eatre <\/strong>global en se concentrant sur la <strong>vitalit\u00e9,<\/strong> la r\u00e9duction du<strong> stress <\/strong>et l&rsquo;am\u00e9lioration du <strong>sommeil. <\/strong>Gr\u00e2ce \u00e0 des techniques avanc\u00e9es de stimulation m\u00e9canique, ce programme peut contribuer \u00e0 am\u00e9liorer la qualit\u00e9 de vie de mani\u00e8re significative.<\/li>\n<\/ul>\n<p><strong>Carte 3 s\u00e9ances valable 1an : 180\u20ac\u00a0<\/strong><br \/>\n<strong>Carte 6 s\u00e9ances valable 1an : 345\u20ac<\/strong><\/p>\n<p style=\"text-align: center;\"><em>Le r\u00e8glement s&rsquo;effectue lors de la premi\u00e8re s\u00e9ance avec la prise des rdv. Une s\u00e9ance annul\u00e9e ou non honor\u00e9e est perdue.<\/em><\/p>\n<p style=\"text-align: center;\"><strong>\u00a0<\/strong><\/p>\n<p style=\"text-align: center;\"><span style=\"color: #3aaa35;\"><em>Tout rendez-vous non annul\u00e9 48h \u00e0 l&rsquo;avance est perdu.<\/em><\/span><\/p>\n","protected":false},"excerpt":{"rendered":"<p>Collant LPG\u00ae : 20\u20ac ou pr\u00eat\u00e9 pendant votre cure Bilan Endermologique 30min: 35 euros S\u00e9ance \u00e0 l&rsquo;unit\u00e9 : 50 euros La MINCEUR: Le Booster: 11 s\u00e9ances de Cellu-M6, \u00e0 raison de 2 par semaine. 335 euros, bilan offert. L&rsquo;Optimisation: bilan<\/p>\n","protected":false},"author":1,"featured_media":0,"parent":0,"menu_order":0,"comment_status":"closed","ping_status":"closed","template":"","meta":{"footnotes":""},"_links":{"self":[{"href":"https:\/\/dieteticien-bordeaux.fr\/index.php?rest_route=\/wp\/v2\/pages\/57"}],"collection":[{"href":"https:\/\/dieteticien-bordeaux.fr\/index.php?rest_route=\/wp\/v2\/pages"}],"about":[{"href":"https:\/\/dieteticien-bordeaux.fr\/index.php?rest_route=\/wp\/v2\/types\/page"}],"author":[{"embeddable":true,"href":"https:\/\/dieteticien-bordeaux.fr\/index.php?rest_route=\/wp\/v2\/users\/1"}],"replies":[{"embeddable":true,"href":"https:\/\/dieteticien-bordeaux.fr\/index.php?rest_route=%2Fwp%2Fv2%2Fcomments&post=57"}],"version-history":[{"count":25,"href":"https:\/\/dieteticien-bordeaux.fr\/index.php?rest_route=\/wp\/v2\/pages\/57\/revisions"}],"predecessor-version":[{"id":525,"href":"https:\/\/dieteticien-bordeaux.fr\/index.php?rest_route=\/wp\/v2\/pages\/57\/revisions\/525"}],"wp:attachment":[{"href":"https:\/\/dieteticien-bordeaux.fr\/index.php?rest_route=%2Fwp%2Fv2%2Fmedia&parent=57"}],"curies":[{"name":"wp","href":"https:\/\/api.w.org\/{rel}","templated":true}]}}